d - 0, 1 = -3*d - 5*a. Suppose -d = -3*t + 3. What is the greatest common divisor of 5 and t?
1
Suppose 5*z + 54 = p, 3*z - 79 = -5*p + 51. Let c = p + -18. Calculate the highest common divisor of c and 44.
11
Let r be 1 - 0 - (0 + 3). Let v be 9/6*r + -52. Let s = -19 - v. What is the greatest common divisor of 4 and s?
4
Let b = 8 - -4. Let l(f) be the second derivative of 7*f**3/6 - 2*f**2 - 2*f. Let a be l(4). What is the greatest common divisor of b and a?
12
Let l be 20*(-4)/(-8) - (-8)/2. What is the highest common divisor of 49 and l?
7
Let o(b) = 3*b - 35. Let t be o(12). Calculate the highest common divisor of 1 and t.
1
Let z(g) = -g**3 - 3*g**2 - 3*g - 1. Suppose 18 + 36 = -2*m. Let d be (-32)/18 + 6/m. Let a be z(d). What is the highest common divisor of a and 8?
1
Let a be (4 - 4)/(-2) - -80. Calculate the highest common factor of a and 10.
10
Let d(o) be the third derivative of o**5/20 + o**4/24 + o**3/3 - 6*o**2. Let r be d(3). What is the highest common factor of r and 32?
32
Suppose 0 = 5*p + h - 341, -5*p = -p + 2*h - 274. Suppose -5*f + 47 = -38. What is the highest common divisor of f and p?
17
Let h be ((-42)/5)/((-6)/40). Let u = -15 - 0. Let i = -8 - u. What is the highest common factor of i and h?
7
Suppose 4*b = -3*b + 84. What is the greatest common divisor of 60 and b?
12
Suppose -5*d - 1 - 9 = 0, 0 = -2*s + 5*d + 230. What is the greatest common factor of 11 and s?
11
Let q = -215 + 313. Let i be (-19 - 2)/(6/(-4)). Calculate the greatest common factor of q and i.
14
Let n = -4 - -7. Suppose 2*f - 367 = -3*r - 2*f, n*r - 2*f = 379. What is the greatest common divisor of r and 25?
25
Let d be -2*(3 + (-63)/6). Suppose d + 28 = t. Suppose 4*i = 8, -5*k + t = 2*i - 3*i. Calculate the greatest common factor of k and 36.
9
Let n(h) = -2*h + 22. Let y be n(5). Calculate the highest common divisor of y and 96.
12
Suppose 0 = 4*i - 20 - 0. Suppose -5*f + 66 = n, -4*f - 35 = i*n - 92. Calculate the greatest common factor of f and 143.
13
Let q = 23 + -9. Let p be (0 - 0)/(3 - 1). Suppose 0 = -3*j - 2*t + q, -3*j + 6*j + 5*t - 26 = p. What is the highest common divisor of j and 10?
2
Let y(k) = 4*k**2 + k + 4. Let u be y(5). Suppose -u = -5*p - 29. Calculate the highest common factor of p and 2.
2
Suppose -2*v - 3*v + 55 = 0. Suppose 7*h + 11 = 473. Calculate the greatest common divisor of v and h.
11
Suppose 0 = 4*d - 5*h - 80, -40 = d - 3*d + 3*h. What is the greatest common divisor of d and 4?
4
Let m = -28 + 40. Suppose 3*v + 2*b = v - 10, -6 = 2*v + b. Let x be (-181)/(-3) + v/3. Calculate the highest common divisor of m and x.
12
Let z be (-2 - 0)/((-2)/14). Suppose -82 = -2*a - z. What is the highest common divisor of a and 17?
17
Let m = 49 + 7. Calculate the highest common divisor of 7 and m.
7
Let u(k) = -12*k**2 - k + 4. Let r be u(-3). Let z be 2/2*-2 - r. What is the highest common factor of 11 and z?
11
Suppose 0 = -9*r + 6*r + 231. Calculate the highest common divisor of 7 and r.
7
Let g(d) = 82*d**2 - 1. Let r be g(-1). Let f be (-9)/(3/18*-2). Suppose u + 2*u = f. Calculate the greatest common factor of r and u.
9
Suppose 0 = -17*z + 18*z - 143. Calculate the greatest common factor of z and 26.
13
Suppose -o = 3*i + 3*o - 61, 5*o + 56 = 2*i. What is the greatest common factor of i and 253?
23
Suppose -4*r + 1 = -47. Let z(n) = 6*n**3 - 2*n**2 - 3*n + 2. Let x be z(2). What is the highest common divisor of x and r?
12
Let n be 9*(1540/12 + 0). Suppose n = 6*t - t. Calculate the highest common factor of t and 21.
21
Suppose r + 43 + 42 = 0. Let x = 121 + r. What is the greatest common factor of 18 and x?
18
Suppose -2*y + 20 = -0. What is the highest common divisor of 70 and y?
10
Let s be 10/6 - (-1 - 8/(-12)). Calculate the greatest common factor of s and 18.
2
Let l be -1 + -2 - (-39 - 6/(-6)). What is the highest common factor of 5 and l?
5
Let b(s) = 29*s + 17. Let f(c) = -10*c - 6. Let l(j) = 3*b(j) + 8*f(j). Let k be l(6). Suppose 3*v + 16 = 70. What is the highest common divisor of k and v?
9
Let h = -81 - -171. Suppose -5*k = -10*k + h. Calculate the highest common factor of 36 and k.
18
Suppose 4 = p, 89 = 4*d + 5*p + 9. Let s(o) = o**3 - 4*o**2 + 1. Let t be s(3). Let j be (-118)/t - 10/(-40). What is the highest common divisor of d and j?
15
Suppose -b = 4*l - 6, 0 = -4*l - 2*b + 4*b. Let a = 2 - 4. Let f be 2*(a + 13/2). Calculate the greatest common factor of f and l.
1
Let f be 68/6 - 2/6. Suppose -5*c - 49 = -2*r, 5*r - 109 = -0*c - c. Calculate the greatest common divisor of f and r.
11
Let s(x) = -x + 80. Let j be 1/(-2) - (-1)/2. Let d be s(j). Suppose -7*f = -f - 60. What is the highest common factor of d and f?
10
Suppose -13 = -z + 2*y - 0*y, 0 = -3*z + y + 14. Let c = 13 - z. What is the highest common factor of 20 and c?
10
Let v(a) = a + 18. Let l be v(-14). Calculate the highest common divisor of l and 4.
4
Suppose 0*j + 880 = 4*j. Let q(k) be the first derivative of 19*k**3/3 - k**2 - k + 2. Let v be q(-1). Calculate the greatest common divisor of v and j.
20
Suppose 3*y = -6, 3*n - 6*n = 4*y + 35. Let q be 2/n - 6/(-27). Let d be 2/(2 - q) - -98. What is the greatest common divisor of d and 9?
9
Suppose 0 = -8*j + 3*j + 140. What is the highest common factor of 42 and j?
14
Let v(s) = -68*s. Let i be v(-2). Let w(y) = y + 9. Let f be w(8). Calculate the greatest common factor of f and i.
17
Let a be 44/(-55)*30/(-1). Calculate the highest common factor of a and 6.
6
Let z(t) = -t**3 - 4*t**2 - 2*t - 3. Let o be z(-6). Calculate the highest common factor of 9 and o.
9
Let z be 3*((-220)/(-6) + 0). Suppose -30 = 7*j - 5*j. Let f be (j/4)/(3/(-8)). Calculate the highest common divisor of f and z.
10
Let f = 95 - 56. Calculate the highest common factor of f and 117.
39
Suppose -20 = -2*o + 60. Let t(v) = v**3 - 2*v**2 + 4*v - 3. Let g be t(2). What is the highest common factor of o and g?
5
Let x(c) = 9*c**2 - 7*c - 9. Let b(n) = -5*n**2 + 4*n + 5. Let m(j) = 7*b(j) + 4*x(j). Let r be m(2). What is the greatest common factor of r and 1?
1
Let x(d) be the third derivative of -d**6/120 + d**5/60 + d**4/8 - d**3/3 + 5*d**2. Let p be x(-3). Calculate the highest common divisor of 200 and p.
25
Suppose 4*y = q - 24, -3*q + 5*q - 13 = y. Let t be (-8)/20 + (-7)/(-5). Calculate the highest common factor of t and q.
1
Suppose 0 = -3*j + 363 + 102. Suppose 0*h + j = 5*y - 4*h, 5*y - h - 170 = 0. What is the greatest common factor of 7 and y?
7
Suppose -85 = -2*i - 7. Calculate the greatest common factor of 65 and i.
13
Let n = -6 - -11. Calculate the highest common factor of 10 and n.
5
Suppose -2*p = 3*j + 2*p - 65, -3*j + 3*p = -72. Suppose w - 39 = 145. Calculate the highest common divisor of j and w.
23
Suppose 0 = -3*n + 2*s + 28, 25 - 1 = n + 3*s. Let c be (n + 3)*(-12)/(-20). Calculate the highest common divisor of 9 and c.
9
Suppose -4*i = 3 - 11. Suppose 0 = -a + i*x - 26, -4*x + 230 = -5*a + 70. Let w = a - -51. Calculate the highest common factor of w and 10.
5
Let n = 117 - 67. Calculate the greatest common divisor of 25 and n.
25
Let c = 0 - -5. Suppose 2*i - 3*t - 5 = -0*i, -c*i + 5*t + 10 = 0. Let h be i - (0 - 2 - 3). Calculate the highest common factor of h and 6.
6
Let d = 4 - -1. Suppose 3*c - d*k - 316 = 0, 4*k - 200 = -5*c + 376. Calculate the highest common factor of c and 14.
14
Let b be (-1)/(3*2/42). Let a be (-3 - -2)*(-3 - b). Let w be (-181)/a - (-2)/(-8). Calculate the highest common divisor of w and 5.
5
Suppose 3*n + 2*n = 0. Let v(d) = -d + 20. Let s be v(n). Let g = -128 - -132. What is the greatest common factor of g and s?
4
Let v(f) = f**2 - 17*f + 25. Let k be v(17). Let n be 2/(-5) + 435/k. What is the greatest common factor of 34 and n?
17
Let k be 40/15*(-27)/(-18). Let t = 72 + -28. What is the greatest common divisor of k and t?
4
Suppose -27*n + 24*n + 351 = 0. Let l(a) = -a**3 - 2*a**2 - 2*a - 2. Let u be l(-3). Calculate the greatest common divisor of u and n.
13
Let c be (-4)/(-22) + (-108)/(-11). Suppose -y + 2*p = -10 + 4, 2*p = -2*y. Calculate the greatest common factor of y and c.
2
Let w(b) = -4*b - 26. Let h be w(-10). What is the greatest common factor of 14 and h?
14
Suppose -42 = -3*k + 5*z, 12 = k - z - 2. Suppose 0 = -w + 2*w - k. Wha